11d9
In base 12, what is 21 - 2?
1b
In base 7, what is 0 + 305?
305
In base 8, what is 766 + -5?
761
In base 4, what is -11 + 1130?
1113
In base 13, what is -1 + -34?
-35
In base 9, what is -345 + -1?
-346
In base 14, what is b + 1c?
29
In base 12, what is 1a + 6a?
88
In base 14, what is 2 - 132d?
-132b
In base 4, what is 30102 + 23?
30131
In base 6, what is 40 + 1314?
1354
In base 16, what is -2 - 28e?
-290
In base 5, what is -14311 + -1?
-14312
In base 16, what is -3091 + -2?
-3093
In base 8, what is 7 - -330?
337
In base 2, what is -10001 - -11110?
1101
In base 15, what is -20a - -a?
-200
In base 5, what is -4003 - -10?
-3443
In base 16, what is -2 + 5f6?
5f4
In base 14, what is a - 56?
-4a
In base 15, what is 1 + -46?
-45
In base 11, what is 363 + 1?
364
In base 11, what is 6942 + -5?
6938
In base 4, what is 11 - 12?
-1
In base 7, what is 22 - -10?
32
In base 9, what is -2177 + -2?
-2180
In base 15, what is -4 + -67a?
-67e
In base 2, what is 110001 + -11110?
10011
In base 5, what is -10 + -4322?
-4332
In base 15, what is 22 + -1?
21
In base 11, what is -67 - 8?
-74
In base 8, what is -2 - 324?
-326
In base 4, what is -10 + 13?
3
In base 3, what is 20120 + -10201?
2212
In base 9, what is -33 - 15?
-48
In base 16, what is 3 + 3e?
41
In base 3, what is 22112 + 221?
100110
In base 5, what is -112 + -1422?
-2034
In base 14, what is 32 + 6?
38
In base 14, what is -72 - 2?
-74
In base 13, what is 7 + -b7?
-b0
In base 8, what is -6 + -604?
-612
In base 8, what is 75 + 1?
76
In base 2, what is -10010 - 1010?
-11100
In base 6, what is 151 - 122?
25
In base 9, what is 1481 + 3?
1484
In base 4, what is -2 - 31?
-33
In base 12, what is 270 - -5?
275
In base 11, what is -3 - -72?
6a
In base 16, what is d94 + -4?
d90
In base 4, what is -230 - -23?
-201
In base 4, what is 1 + -31230?
-31223
In base 14, what is 287 - 4?
283
In base 8, what is -42 + 11?
-31
In base 5, what is -11 - -101?
40
In base 13, what is 17c + 24?
1a3
In base 10, what is -4 - -1881?
1877
In base 5, what is -442421 - 10?
-442431
In base 14, what is -28 + 3?
-25
In base 8, what is -102 - 0?
-102
In base 16, what is -18 - 3?
-1b
In base 3, what is 220 - 121?
22
In base 5, what is -12 + 2431?
2414
In base 8, what is 0 + -5055?
-5055
In base 8, what is -305 - -151?
-134
In base 14, what is -253 - 4?
-257
In base 2, what is 100111 + 110010101?
110111100
In base 8, what is -30 - 10?
-40
In base 6, what is -14 + 20?
2
In base 14, what is -4 - -554?
550
In base 3, what is -1 + -2101?
-2102
In base 2, what is -10100110 - 101001?
-11001111
In base 8, what is 20 + -2?
16
In base 14, what is 270 - -6?
276
In base 13, what is -4 + -19?
-20
In base 16, what is 0 + c9?
c9
In base 12, what is 0 - -28a3?
28a3
In base 12, what is -377 + -5?
-380
In base 15, what is -5 - 16?
-1b
In base 4, what is 1102 - 12?
1030
In base 3, what is 2 - 1102122?
-1102120
In base 4, what is -11 + -21213?
-21230
In base 5, what is -1 - 13?
-14
In base 14, what is 103 + -10?
d3
In base 5, what is -3 + -213132?
-213140
In base 7, what is 3 - -1236?
1242
In base 4, what is -23232 + 3?
-23223
In base 16, what is 3 - 1e?
-1b
In base 10, what is -5 - -256?
251
In base 15, what is b - 919?
-90d
In base 6, what is 14 + -155?
-141
In base 10, what is -9 + -41?
-50
In base 8, what is 1 - 25?
-24
In base 10, what is 5 - 5?
0
In base 16, what is 51 + 55?
a6
In base 15, what is -62 + -1?
-63
In base 12, what is 1 - -3635?
3636
In base 10, what is -2 + -148?
-150
In base 14, what is 1b - 0?
1b
In base 7, what is -20 + 12?
-5
In base 4, what is 1123133 + -2?
1123131
In base 3, what is 120212212 - -10?
120212222
In base 12, what is -4 + -13?
-17
In base 13, what is 4 + -112?
-10b
In base 13, what is 40 - -5?
45
In base 2, what is -1 - 110?
-111
In base 8, what is -1 + -31?
-32
In base 7, what is -43 + -50?
-123
In base 5, what is -4 + 134?
130
In base 16, what is 1 + -74?
-73
In base 15, what is -32 - -5?
-2c
In base 6, what is -1025 + -5?
-1034
In base 7, what is 52 + -24?
25
In base 5, what is -21204 + 10?
-21144
In base 11, what is -910 + 0?
-910
In base 8, what is 7 + 41?
50
In base 12, what is -4 - 12a?
-132
In base 13, what is 1b8 - -4?
1bc
In base 6, what is 5551 - 15?
5532
In base 6, what is 1413 - 3?
1410
In base 13, what is -21 - -5?
-19
In base 10, what is 20 + 10?
30
In base 9, what is -300 + 1?
-288
In base 3, what is 11 - -2020?
2101
In base 14, what is 84 + 4?
88
In base 13, what is 14 + 4?
18
In base 3, what is -121110 + -1010?
-122120
In base 10, what is -4 + 2360?
2356
In base 11, what is -195 + a2?
-a3
In base 13, what is -38b + -4?
-392
In base 11, what is -20a32 + 1?
-20a31
In base 13, what is -3 + 2b?
28
In base 6, what is 540 + 1?
541
In base 8, what is -20 + -2?
-22
In base 9, what is 0 - -31?
31
In base 8, what is -5 - -170?
163
In base 16, what is -2ad + 0?
-2ad
In base 8, what is 1 - -104?
105
In base 6, what is -3 + -22145?
-22152
In base 7, what is -5131 + 1?
-5130
In base 10, what is 0 + -40?
-40
In base 12, what is -53 - -25?
-2a
In base 12, what is -4 + 251?
249
In base 5, what is 3422 + -3?
3414
In base 3, what is -1100 - 12?
-1112
In base 10, what is 0 - -102?
102
In base 12, what is 1 - 2b?
-2a
In base 2, what is -10 + -100001110000?
-100001110010
In base 7, what is 21 + 300?
321
In base 13, what is 1b9 + 33?
21c
In base 14, what is -4 + 20?
1a
In base 6, what is 0 + -3513?
-3513
In base 3, what is -21 - 1000?
-1021
In base 7, what is -10 + 1052?
1042
In base 7, what is 306 + 5?
314
In base 15, what is 1 - -2e?
30
In base 10, what is -21 - 0?
-21
In base 11, what is -104 - -2?
-102
In base 9, what is 32 - -176?
218
In base 10, what is -26 + 3?
-23
In base 8, what is 10614 + 2?
10616
In base 8, what is 30 - -133?
163
In base 13, what is -14 - -26?
12
In base 7, what is -360 + -6?
-366
In base 11, what is -14 + -84?
-98
In base 4, what is -202 - -20?
-122
In base 13, what is -32 - b4?
-116
In base 3, what is 2121 + 1?
2122
In base 9, what is 145 + 23?
168
In base 8, what is -232 - 1?
-233
In base 2, what is 100 - -1010110?
1011010
In base 7, what is 0 + -151?
-151
In base 8, what is -23174 - -2?
-23172
In base 12, what is 482 + 3?
485
In base 2, what is 110010 + -11100?
10110
In base 7, what is -160 + 1?
-156
In base 13, what is -5 + -165b?
-1663
In base 6, what is -25 - 13?
-42
In base 16, what is -6824 + 1?
-6823
In base 12, what is -34 + 0?
-34
In base 10, what is 17 - -18?
35
In base 5, what is 11 - -41?
102
In base 9, what is 3 + 285?
288
In base 10, what is 112 + 2?
114
In base 6, what is 2 + -20145?
-20143
In base 15, what is -54 + 2?
-52
In base 6, what is 113 + -21?
52
In base 5, what is -110 - -1030?
420
In base 9, what is -3 - -58?
55
In base 11, what is -8 + -1?
-9
In base 9, what is -21 + -15?
-36
In base 16, what is 142 + 2?
144
In base 5, what is 2 + 122?
124
In base 4, what is 21 - 12102?
-12021
In base 11, what is 7 + 6?
12
In base 6, what is 2 - -1123?
1125
In base 2, what is 1011001 - 1000010?
10111
In base 14, what is -128 - 22?
-14a
In base 3, what is 1001 + -20110?
-12102
In base 12, what is -1 + 5a1?
5a0
In base 11, what is -5512 - 3?
-5515
In base 6, what is -4 + 510?
502
In base 11, what is 4179 - 5?
4174
In base 13, what is 1 + 41?
42
In base 14, what is -31 - 8?
-39
In base 5, what is 1114 + 4?
1123
In base 7, what is -353 - -2?
-351
In base 11, what is 41 - -25?
66
In base 13, what is -1624 + -2?
-1626
In base 16, what is 2543 - -1?
2544
In base 16, what is 1e - e?
10
In base 4, what is 3 + -131320?
-131311
In base 10, what is 5 - -74?
79
In base 10, what is 173 - -3?
176
In base 2, what is -101 - -1000?
11
In base 9, what is 71 - 5?
65
In base 8, what is 4 - -475?
501
In base 4, what is 23 + 202200?
202223
In base 2, what is 1101110111 - -100?
1101111011
In base 12, what is 7 - -a?
15
In base 14, what is -4 - -90?
8a
In base 8, what is 3 - 22?
-17
In base 8, what is 0 + 20?
20
In base 14, what is -2ba + -4?
-2c0
In base 5, what is -20 + -110?
-130
In base 6, what is -20 - -30?
10
In base 5, what is -110 + 302?
142
In base 14, what is -3 - 1?
-4
In base 6, what is 3124 + 5?
3133
In base 14, what is 2 - -cd?
d1
In base 10, what is 7799 - 2?
7797
In base 4, what is 3302 + 22?
3330
In base 8, what is -3 - -6714?
6711
In base 7, what is 5 + 32?
40
In base 9, what is -245 - -1?
-